 -9*s. Let q = s - -6. List the prime factors of 21 + q + -2 + 3.
5
Suppose -53 = 27*z - 7262. What are the prime factors of z?
3, 89
Suppose -8533*o + 8524*o + 52317 = 0. What are the prime factors of o?
5813
Suppose 2*a - 562 = 5*g - 10*g, -g - 1405 = -5*a. List the prime factors of a.
281
Let x(z) = z**3 - 9*z**2 - 8*z + 11. Suppose -4*b + 13 = -7. Suppose -2*s - j = 2*s - 44, 0 = -b*s + 5*j + 30. List the prime factors of x(s).
31
Suppose 5 = -4*i - i, -4*s + i + 33 = 0. Suppose -12 = -b + s. List the prime factors of b.
2, 5
Suppose 0 = 11*i - 57 + 13. Suppose h + i*h - 1035 = 0. List the prime factors of h.
3, 23
Suppose -19*n + 17*n = -238. List the prime factors of n.
7, 17
Suppose -43 = 4*p - 11. Let w(i) = i**3 - i**2 + 18*i. Let c be w(3). Let f = c + p. What are the prime factors of f?
2
Suppose 3*f - 3*m = 18, f - 30 = 2*m - 7*m. List the prime factors of (-1225)/f*12/(-15) - -1.
3, 11
Let f = 932 - 122. What are the prime factors of f?
2, 3, 5
Suppose -2*c - 3*c - 5*y + 35 = 0, c = -5*y + 27. Let a be ((-4)/12)/((-1)/12). Suppose o - a*t = 66, -c*o + 183 = o + 3*t. List the prime factors of o.
2, 31
Let s(a) = -2*a**2 - a. Let h be s(0). Suppose 2*g - 8 = h, -4*x - 6*g + 48 = -4*g. List the prime factors of x.
2, 5
Let q(n) = 54*n**2 - 4*n + 25. List the prime factors of q(6).
5, 389
Let w be (-84)/(-9) - (-1)/(-3). Let p = -21 + w. Let f(s) = -s**3 - 11*s**2 + 11*s - 5. List the prime factors of f(p).
7
Suppose 12*f - 7*f = 0. Suppose 3*o = i + 15, -10 = -2*o - f*i + 3*i. List the prime factors of o.
5
Let v = -27 + 34. List the prime factors of v/(-35) + 33/15.
2
Suppose d = 12 - 4. Suppose 0 = -3*f + f + d. Suppose -f*a + a + 21 = 0. What are the prime factors of a?
7
Let j = 43 + -41. Suppose 2*z = 410 - 132. Suppose 0 = 3*m + l - z, 2*m = 5*m + j*l - 134. List the prime factors of m.
2, 3
List the prime factors of 8/(-14) - 1787292/(-532).
3359
List the prime factors of (-35715)/(-15) - 2/6*0.
2381
Let s(u) = -10*u - 1. Let q(y) = -9*y - 1. Let v be (14 + -15)/((-1)/(-3)). Let r(j) = v*s(j) + 4*q(j). What are the prime factors of r(-1)?
5
Suppose -66 = -5*a - 1. Suppose a = -3*r - 2*v + 37, -3*v - 40 = -5*r. Suppose -651 + 43 = -r*u. What are the prime factors of u?
2, 19
Let m be (0 + 1)*0/12. Suppose 5*k = 5*d - 90, k - 102 = -m*d - 5*d. What are the prime factors of d?
2, 5
Let o(z) = -2318*z**3 - 8*z**2 - 11*z - 4. What are the prime factors of o(-1)?
7, 331
Let q(z) = -z - 1. Let a be q(-5). Suppose 470 - 2 = a*n. What are the prime factors of n?
3, 13
Let n = -8 + 16. Suppose -15 = -n*a + 1249. What are the prime factors of a?
2, 79
Let s be ((-126)/12)/(-21)*12/2. Let q(l) = l + l**3 + 0*l**3 - 3*l. What are the prime factors of q(s)?
3, 7
Let r(w) = -9 + 10 + w**2 - 2 + w. Let v(z) = 6*z**2 + z - 1. Let p(o) = -3*r(o) + v(o). List the prime factors of p(-3).
5, 7
Let t = -806 - -1370. Let l = t + -384. What are the prime factors of l?
2, 3, 5
Let m be ((-15)/45)/((-2)/(-12)). List the prime factors of m/3*(6 + -9).
2
Let a(j) = -10*j + 22. Let n(v) = 5*v - 11. Let z(u) = -3*a(u) - 7*n(u). What are the prime factors of z(-4)?
31
Let f be ((-15)/2)/(7 - (-8536)/(-1216)). Let v = f + -218. What are the prime factors of v?
2, 3
Let q(a) = -2*a**3 - 7*a**2 + 9*a + 4. Let y be q(-6). Suppose 8*x - 3*x = y. List the prime factors of x.
2, 13
Let l = -3 + 3. Let n be l*(3 + -1 + -1). List the prime factors of (n - 6/3) + 31.
29
Suppose -68*r - 10406 = -79*r. List the prime factors of r.
2, 11, 43
Suppose -5*j - 3*s = -1985, -4*j + 4*s = 8*s - 1596. List the prime factors of j.
2, 197
Let k be (-330)/20*(-2)/3. Suppose 159 = -4*i + k. Let l = -21 - i. What are the prime factors of l?
2
Suppose -u = 4*u - 2205. Suppose -6*v + u = v. What are the prime factors of v?
3, 7
Let j = -5 - -7. Suppose 2*i + 31 + 12 = h, -j*i - 8 = 0. Suppose -7*x + h = -2*x. What are the prime factors of x?
7
Let u be 56/3*(164/(-16) + -1). Let z = u - -311. List the prime factors of z.
101
Let c be ((-8)/5)/((-14)/105). Suppose c = -d + 219. Suppose -2 = 2*q + 4, -3*m - 5*q = -d. List the prime factors of m.
2, 37
Suppose 1538 = 4*p - 0*p - 2*s, -4*s = 4. List the prime factors of p.
2, 3
Suppose -2*m = x - 198, -5*m + x + 402 = -m. Suppose 8*y - 3*y = 20. Suppose -s - y*s = -m. List the prime factors of s.
2, 5
Let i be ((-39)/9)/(2/(-6)). Suppose -8 = -3*r + i. Suppose -6*s = -r*s + 17. What are the prime factors of s?
17
Suppose 1454 + 478 = -4*u. List the prime factors of u/(-9) - (-12)/(-18).
53
Suppose 2*m + 3*r = 713 + 1175, -5*m - r = -4746. Let v = m - 473. What are the prime factors of v/36 + 3/4?
2, 7
What are the prime factors of (-455)/(-2)*((-24)/(-10))/3?
2, 7, 13
Suppose -5*t - 5*h + 15 = 0, -1 = -2*t - 3*h + 5. Suppose 0 = -4*b + 3*w + 156, -2*b - b = t*w - 96. What are the prime factors of b?
2, 3
Let t = 148 + -217. Suppose 4*w = a - 52, 5*a = 2*w + 3*w + 80. Let y = w - t. What are the prime factors of y?
3, 19
Suppose -r = 4*a - 576, 2*a - 4*r = -2*a + 556. List the prime factors of a.
11, 13
Suppose 0 = 3*k + 2*l + 31, -k + l = -l + 13. Let x = -10 - k. Let m = x - -12. What are the prime factors of m?
13
Suppose 11*b - 80 = 9*b. Let s = 148 - b. Suppose 0 = -g + 5*g - s. What are the prime factors of g?
3
Let v = -16 - -11. Let g be (-2)/v - (-18)/30. List the prime factors of (0 + g)*(34 + -9).
5
Suppose -t + 371 = -2*w, 2*w + 0*t = 3*t - 361. Let u = w - -323. What are the prime factors of u?
3, 5
Let l(r) = -3*r**3 - 5*r**2 - 2*r + 18. Let f be l(-6). Suppose -x + 152 = -2*q, -2*q = -5*x + 230 + f. What are the prime factors of x?
2, 3
List the prime factors of (-9)/(-6) + (-7)/((-42)/4899).
2, 409
Suppose m + 4*m + 3*f - 12849 = 0, -4*f - 8 = 0. What are the prime factors of m?
3, 857
Suppose -6*o + 130 + 680 = 0. What are the prime factors of o?
3, 5
Let a = 385 + -118. Suppose 0*g - a = -3*c + 3*g, -4*c + 332 = 2*g. List the prime factors of c.
5, 17
Let r(i) = -10*i - 7. Let f be r(-5). Suppose 6*l - f = 323. What are the prime factors of l?
61
Suppose -7*x = -x - 5856. What are the prime factors of x?
2, 61
Suppose 0 = k + 4 - 5. Let y be (40/16)/(k/2). Suppose -52 = y*n - 182. List the prime factors of n.
2, 13
Let a = -443 + 729. List the prime factors of a.
2, 11, 13
Let u = 161 + 522. What are the prime factors of u?
683
Let v = -62 - -69. Let n be 2 + -1*2 + 10. Let x = n + v. What are the prime factors of x?
17
Suppose 0 = 5*u - 120 - 5. Suppose p - u = -a, 4*p + a - 124 = -27. Suppose 0*c = c - p. What are the prime factors of c?
2, 3
Suppose 4*l + x - 12 = -0*l, -4*l - 3*x = -4. Suppose 0 = -l*q - 41 + 485. Suppose -3*a + q = -0*a. What are the prime factors of a?
37
List the prime factors of ((-2150)/(-1290))/((-2)/(-108)*5).
2, 3
Suppose -4*j + 22 = 3*l + j, 5*l - 28 = -4*j. Let w = -7 + l. Let n(s) = -12*s + 4. List the prime factors of n(w).
2, 5
Suppose 2*k - 3*o = 394 + 5, 3*k - 582 = -o. Suppose 5*t + k + 55 = -5*i, 0 = 4*i - 5*t + 218. Let w = -21 - i. List the prime factors of w.
31
Suppose 0 = d + d - 4. Suppose d*l + 0*l + 10 = 2*x, 4*l = 0. List the prime factors of ((-54)/x)/((-4)/10).
3
Suppose 0 = 3*x + i - 8, -4*i + 2 + 8 = x. Suppose 5*k = x*d - 55, 44 = -d + 2*d + 3*k. List the prime factors of d.
5, 7
Let i(v) be the first derivative of 3/2*v**2 + 2/3*v**3 + 6*v + 7. List the prime factors of i(-4).
2, 13
Let z(p) = p**3 - 5*p**2 - 6*p + 2. Let d be z(6). Suppose -d*k + k - 3 = -3*f, -5*k = -f - 55. List the prime factors of k.
2, 3
Suppose 156 = -21*b + 22*b. What are the prime factors of b?
2, 3, 13
Let w(y) be the third derivative of y**5/60 + y**4/8 - 3*y**3/2 - 5*y**2. Let p be w(6). Let u = p - 17. What are the prime factors of u?
2, 7
Let o(k) = k**3 - 4*k**2 + 1. Let h be o(4). What are the prime factors of (3 - 1) + (h - (-45 + 2))?
2, 23
Let x = 0 + 3. Suppose x*d - 46 = -37. List the prime factors of d.
3
Let w = -9 + 11. Suppose -w*k = -f + 20, f - 19 = k + 2*k. Let i = f + 2. List the prime factors of i.
2, 3
Suppose 9*x = 6*x + 24. Suppose 7*v = x*v - 74. What are the prime factors of v?
2, 37
Suppose 291 = x - 0*x. Suppose 4*n + c = -c + 412, 3*n - 3*c = x. What are the prime factors of n?
101
Suppose 3*j + 25 = -c + 347, 4*j + 1304 = 4*c. Let s = -172 + c. List the prime 